{"id":37,"date":"2014-07-20T20:24:20","date_gmt":"2014-07-20T19:24:20","guid":{"rendered":"http:\/\/swiss-beauty-trends.ch\/?page_id=37"},"modified":"2014-07-20T20:24:20","modified_gmt":"2014-07-20T19:24:20","slug":"impressum","status":"publish","type":"page","link":"https:\/\/swiss-beauty-academy-zuerich.ch\/index.php\/impressum\/","title":{"rendered":"Impressum"},"content":{"rendered":"<div class=\"entry-content\">\n<h2>Betreiber der Webseite:<\/h2>\n<p><b>Swiss Beauty Academy GmbH<br \/>\n<\/b>D\u00fcbendorfstrasse 2<br \/>\nCH-8051 Z\u00fcrich<\/p>\n<p>&nbsp;<\/p>\n<h3>Haftungsausschluss:<\/h3>\n<p>Der Inhalt dieser Webseiten wird mit gr\u00f6sstm\u00f6glicher Sorgfalt gepflegt. Trotzdem wird f\u00fcr den Inhalt keine Haftung \u00fcbernommen. Druckfehler, Irrt\u00fcmer und \u00c4nderungen vorbehalten. Der Inhalt ist urheberrechtlich gesch\u00fctzt. F\u00fcr die Inhalte externer Links \u00fcbernehmen wir keine Haftung. F\u00fcr den Inhalt der verlinkten Seiten sind ausschliesslich deren Betreiber verantwortlich.<\/p>\n<\/div>\n","protected":false},"excerpt":{"rendered":"<p>Betreiber der Webseite: Swiss Beauty Academy GmbH D\u00fcbendorfstrasse 2 CH-8051 Z\u00fcrich &nbsp; Haftungsausschluss: Der Inhalt dieser Webseiten wird mit gr\u00f6sstm\u00f6glicher Sorgfalt gepflegt. Trotzdem wird f\u00fcr den Inhalt keine Haftung \u00fcbernommen. Druckfehler, Irrt\u00fcmer und \u00c4nderungen vorbehalten. Der Inhalt ist urheberrechtlich gesch\u00fctzt. F\u00fcr die Inhalte externer Links \u00fcbernehmen wir keine Haftung. F\u00fcr den Inhalt der verlinkten Seiten [&hellip;]<\/p>\n","protected":false},"author":1,"featured_media":0,"parent":0,"menu_order":0,"comment_status":"open","ping_status":"open","template":"","meta":{"footnotes":""},"class_list":["post-37","page","type-page","status-publish","hentry"],"yoast_head":"<!-- This site is optimized with the Yoast SEO plugin v27.4 - https:\/\/yoast.com\/product\/yoast-seo-wordpress\/ -->\n<title>Impressum - Swiss Beauty Academy Z\u00fcrich<\/title>\n<meta name=\"robots\" content=\"noindex, nofollow\" \/>\n<meta property=\"og:locale\" content=\"de_DE\" \/>\n<meta property=\"og:type\" content=\"article\" \/>\n<meta property=\"og:title\" content=\"Impressum - Swiss Beauty Academy Z\u00fcrich\" \/>\n<meta property=\"og:description\" content=\"Betreiber der Webseite: Swiss Beauty Academy GmbH D\u00fcbendorfstrasse 2 CH-8051 Z\u00fcrich &nbsp; Haftungsausschluss: Der Inhalt dieser Webseiten wird mit gr\u00f6sstm\u00f6glicher Sorgfalt gepflegt. Trotzdem wird f\u00fcr den Inhalt keine Haftung \u00fcbernommen. Druckfehler, Irrt\u00fcmer und \u00c4nderungen vorbehalten. Der Inhalt ist urheberrechtlich gesch\u00fctzt. F\u00fcr die Inhalte externer Links \u00fcbernehmen wir keine Haftung. F\u00fcr den Inhalt der verlinkten Seiten [&hellip;]\" \/>\n<meta property=\"og:url\" content=\"https:\/\/swiss-beauty-academy-zuerich.ch\/index.php\/impressum\/\" \/>\n<meta property=\"og:site_name\" content=\"Swiss Beauty Academy Z\u00fcrich\" \/>\n<meta name=\"twitter:card\" content=\"summary_large_image\" \/>\n<script type=\"application\/ld+json\" class=\"yoast-schema-graph\">{\"@context\":\"https:\\\/\\\/schema.org\",\"@graph\":[{\"@type\":\"WebPage\",\"@id\":\"https:\\\/\\\/swiss-beauty-academy-zuerich.ch\\\/index.php\\\/impressum\\\/\",\"url\":\"https:\\\/\\\/swiss-beauty-academy-zuerich.ch\\\/index.php\\\/impressum\\\/\",\"name\":\"Impressum - Swiss Beauty Academy Z\u00fcrich\",\"isPartOf\":{\"@id\":\"https:\\\/\\\/swiss-beauty-academy-zuerich.ch\\\/#website\"},\"datePublished\":\"2014-07-20T19:24:20+00:00\",\"breadcrumb\":{\"@id\":\"https:\\\/\\\/swiss-beauty-academy-zuerich.ch\\\/index.php\\\/impressum\\\/#breadcrumb\"},\"inLanguage\":\"de-CH\",\"potentialAction\":[{\"@type\":\"ReadAction\",\"target\":[\"https:\\\/\\\/swiss-beauty-academy-zuerich.ch\\\/index.php\\\/impressum\\\/\"]}]},{\"@type\":\"BreadcrumbList\",\"@id\":\"https:\\\/\\\/swiss-beauty-academy-zuerich.ch\\\/index.php\\\/impressum\\\/#breadcrumb\",\"itemListElement\":[{\"@type\":\"ListItem\",\"position\":1,\"name\":\"Startseite\",\"item\":\"https:\\\/\\\/swiss-beauty-academy-zuerich.ch\\\/\"},{\"@type\":\"ListItem\",\"position\":2,\"name\":\"Impressum\"}]},{\"@type\":\"WebSite\",\"@id\":\"https:\\\/\\\/swiss-beauty-academy-zuerich.ch\\\/#website\",\"url\":\"https:\\\/\\\/swiss-beauty-academy-zuerich.ch\\\/\",\"name\":\"Swiss Beauty Academy Z\u00fcrich\",\"description\":\"EduQua zertifiziert - 6 Sprachen - Z\u00fcrich &amp; Lausanne\",\"potentialAction\":[{\"@type\":\"SearchAction\",\"target\":{\"@type\":\"EntryPoint\",\"urlTemplate\":\"https:\\\/\\\/swiss-beauty-academy-zuerich.ch\\\/?s={search_term_string}\"},\"query-input\":{\"@type\":\"PropertyValueSpecification\",\"valueRequired\":true,\"valueName\":\"search_term_string\"}}],\"inLanguage\":\"de-CH\"}]}<\/script>\n<!-- \/ Yoast SEO plugin. -->","yoast_head_json":{"title":"Impressum - Swiss Beauty Academy Z\u00fcrich","robots":{"index":"noindex","follow":"nofollow"},"og_locale":"de_DE","og_type":"article","og_title":"Impressum - Swiss Beauty Academy Z\u00fcrich","og_description":"Betreiber der Webseite: Swiss Beauty Academy GmbH D\u00fcbendorfstrasse 2 CH-8051 Z\u00fcrich &nbsp; Haftungsausschluss: Der Inhalt dieser Webseiten wird mit gr\u00f6sstm\u00f6glicher Sorgfalt gepflegt. Trotzdem wird f\u00fcr den Inhalt keine Haftung \u00fcbernommen. Druckfehler, Irrt\u00fcmer und \u00c4nderungen vorbehalten. Der Inhalt ist urheberrechtlich gesch\u00fctzt. F\u00fcr die Inhalte externer Links \u00fcbernehmen wir keine Haftung. F\u00fcr den Inhalt der verlinkten Seiten [&hellip;]","og_url":"https:\/\/swiss-beauty-academy-zuerich.ch\/index.php\/impressum\/","og_site_name":"Swiss Beauty Academy Z\u00fcrich","twitter_card":"summary_large_image","schema":{"@context":"https:\/\/schema.org","@graph":[{"@type":"WebPage","@id":"https:\/\/swiss-beauty-academy-zuerich.ch\/index.php\/impressum\/","url":"https:\/\/swiss-beauty-academy-zuerich.ch\/index.php\/impressum\/","name":"Impressum - Swiss Beauty Academy Z\u00fcrich","isPartOf":{"@id":"https:\/\/swiss-beauty-academy-zuerich.ch\/#website"},"datePublished":"2014-07-20T19:24:20+00:00","breadcrumb":{"@id":"https:\/\/swiss-beauty-academy-zuerich.ch\/index.php\/impressum\/#breadcrumb"},"inLanguage":"de-CH","potentialAction":[{"@type":"ReadAction","target":["https:\/\/swiss-beauty-academy-zuerich.ch\/index.php\/impressum\/"]}]},{"@type":"BreadcrumbList","@id":"https:\/\/swiss-beauty-academy-zuerich.ch\/index.php\/impressum\/#breadcrumb","itemListElement":[{"@type":"ListItem","position":1,"name":"Startseite","item":"https:\/\/swiss-beauty-academy-zuerich.ch\/"},{"@type":"ListItem","position":2,"name":"Impressum"}]},{"@type":"WebSite","@id":"https:\/\/swiss-beauty-academy-zuerich.ch\/#website","url":"https:\/\/swiss-beauty-academy-zuerich.ch\/","name":"Swiss Beauty Academy Z\u00fcrich","description":"EduQua zertifiziert - 6 Sprachen - Z\u00fcrich &amp; Lausanne","potentialAction":[{"@type":"SearchAction","target":{"@type":"EntryPoint","urlTemplate":"https:\/\/swiss-beauty-academy-zuerich.ch\/?s={search_term_string}"},"query-input":{"@type":"PropertyValueSpecification","valueRequired":true,"valueName":"search_term_string"}}],"inLanguage":"de-CH"}]}},"_links":{"self":[{"href":"https:\/\/swiss-beauty-academy-zuerich.ch\/index.php\/wp-json\/wp\/v2\/pages\/37","targetHints":{"allow":["GET"]}}],"collection":[{"href":"https:\/\/swiss-beauty-academy-zuerich.ch\/index.php\/wp-json\/wp\/v2\/pages"}],"about":[{"href":"https:\/\/swiss-beauty-academy-zuerich.ch\/index.php\/wp-json\/wp\/v2\/types\/page"}],"author":[{"embeddable":true,"href":"https:\/\/swiss-beauty-academy-zuerich.ch\/index.php\/wp-json\/wp\/v2\/users\/1"}],"replies":[{"embeddable":true,"href":"https:\/\/swiss-beauty-academy-zuerich.ch\/index.php\/wp-json\/wp\/v2\/comments?post=37"}],"version-history":[{"count":0,"href":"https:\/\/swiss-beauty-academy-zuerich.ch\/index.php\/wp-json\/wp\/v2\/pages\/37\/revisions"}],"wp:attachment":[{"href":"https:\/\/swiss-beauty-academy-zuerich.ch\/index.php\/wp-json\/wp\/v2\/media?parent=37"}],"curies":[{"name":"wp","href":"https:\/\/api.w.org\/{rel}","templated":true}]}}